t common factor of 14 and o.
14
Let a(m) = 7*m**3 + 6*m**2 - 7*m - 1. Let h be a(3). What is the highest common factor of h and 17?
17
Suppose -x + 1 = 0, 2*o + 4*x - 3*x - 69 = 0. What is the greatest common divisor of o and 34?
34
Suppose -t + 1 + 2 = 0. Let y(r) = -r - 1. Let w be y(-7). What is the highest common divisor of t and w?
3
Let l(r) = r**2 - 5*r - 2. Let m be l(8). Let x = -6 + m. What is the greatest common factor of 2 and x?
2
Let a(h) = -5 - 2 + 3 - 5*h. Let r be a(-5). Calculate the highest common factor of r and 63.
21
Suppose 20*o - 162 = 14*o. Calculate the highest common factor of 27 and o.
27
Suppose -i + 32 = 2. What is the greatest common factor of i and 12?
6
Let l be 0/(-6 - -3) - -32. Suppose 0 = 2*f - 2. Suppose 0 = -i + f + 3. What is the greatest common divisor of i and l?
4
Let f(x) = -3*x + 5. Let m be (-70)/12 - (-2)/(-12). Let h be f(m). Suppose -2*s + 19 = q, -3*s + 5*s + 5*q = h. What is the greatest common divisor of 6 and s?
3
Let j = 269 + -163. Let h = 2084 - j. Let f be (-2)/(-9) - h/(-9). What is the greatest common factor of 20 and f?
20
Let i(t) = 16*t**2 - 2*t. Suppose 2*z = -2*z + 8. Let v be i(z). Suppose 2*x - 48 = -2*x. What is the greatest common factor of x and v?
12
Let a be 1006/6 - 8/(-24). Calculate the greatest common factor of 21 and a.
21
Let t = -22 - -30. Calculate the greatest common factor of 32 and t.
8
Let d = 31 - 27. Calculate the highest common divisor of 4 and d.
4
Let g = -3 - -8. Suppose 0 = -2*f - g*x + x - 14, -2*f - 19 = 5*x. What is the highest common divisor of f and 33?
3
Suppose -5*g + 4*v - 3*v = -60, 2*g - 5*v - 47 = 0. Calculate the highest common divisor of 121 and g.
11
Let w(v) = -4*v + 5*v - v**2 + 11*v**3 + 1 + 0*v**2. Let k be w(-1). Let c = 0 - k. Calculate the greatest common factor of 6 and c.
6
Let s be 1 + (1 - -1) + -1. Let k = -3 + s. Let t = 9 - k. What is the highest common divisor of t and 40?
10
Suppose -122 - 153 = -5*j. Calculate the highest common divisor of 11 and j.
11
Let a(t) = 7*t**2 + t - 3. Let g be a(3). What is the greatest common divisor of 7 and g?
7
Suppose w + 0*w - 45 = 0. Suppose 3*p + w = 6*p. Calculate the greatest common factor of p and 10.
5
Let x = 20 - 14. Let o(q) be the second derivative of q**3/6 + 4*q**2 + q. Let l be o(x). What is the greatest common factor of 98 and l?
14
Suppose 4*q = -4 + 32. Suppose 2*i + 2*o - q*o - 73 = 0, -i - 3*o = -64. Let u be 4/(-10) + (-37)/(-5). What is the highest common divisor of i and u?
7
Let x = 32 + -13. Calculate the greatest common divisor of 57 and x.
19
Let p(q) = -5*q - q + 8 + q**2 + 0*q**2. Let j be p(6). What is the greatest common divisor of 88 and j?
8
Let l be 2 + -1 + -2 + 7. Let z be (4/l)/(3/45). Let y(h) = h**3 + 7*h**2 + 3*h - 2. Let t be y(-3). What is the greatest common divisor of t and z?
5
Suppose 3*u + 4*f - 220 = 0, 4*u - 4*f - 290 = -6*f. Let g(d) = -d**3 + 2*d**3 + 5*d**2 - d**2. Let q be g(-3). Calculate the greatest common factor of q and u.
9
Let m = 52 + -32. What is the greatest common factor of m and 20?
20
Let l(t) = -5*t + 664. Let j(z) = z - 133. Let v(a) = -11*j(a) - 2*l(a). Let k be v(0). Let i = 25 + -10. What is the highest common factor of i and k?
15
Suppose -3*i = i - 80. Calculate the greatest common divisor of 20 and i.
20
Let a = -11 - -60. Calculate the greatest common divisor of 21 and a.
7
Let h = 2 - -110. What is the highest common divisor of h and 28?
28
Suppose 2*f + 32 = 5*w + 4*f, -w + 4*f + 24 = 0. Suppose -46 + 14 = -4*d. What is the greatest common divisor of d and w?
8
Let p be 10*(6/(-15))/(-1). Suppose p = -q, -2*s - 5*q - 26 = 6. Let f be (-2 - 4/3)*s. What is the highest common factor of 4 and f?
4
Suppose 2*c - 59 = -0*c - 5*v, 2*c - 2*v = 52. Suppose -9*p = -8*p - c. Calculate the highest common divisor of p and 297.
27
Let q(j) = 3 + 4 - 6 - j. Let v be q(-3). Suppose -52 = -0*h - v*h. What is the highest common factor of 143 and h?
13
Let j(r) = r**3 - 8*r**2 - 7*r - 3. Let l be j(9). Suppose 2*q + 6 - 15 = -3*d, 0 = -5*q + 5*d + 10. Calculate the highest common factor of l and q.
3
Suppose 14 = -2*t + 22. What is the greatest common factor of 68 and t?
4
Let u be (-151)/2*10/5. Let l = u - -216. Suppose -l = -4*a - 17. Calculate the greatest common divisor of a and 4.
4
Suppose 0 = -6*s - 11 + 35. What is the highest common divisor of s and 3?
1
Suppose -5*f = q - 4*q + 46, -4*q - 2*f = -96. Calculate the highest common divisor of q and 22.
22
Let v = 20 + -5. What is the greatest common factor of v and 75?
15
Suppose 59 = 3*z + k, -k + 51 = 3*z - 4*k. Calculate the greatest common factor of 57 and z.
19
Suppose 3*i - 155 = 5*z, 72 = i + z + 15. Calculate the highest common factor of i and 605.
55
Let x = 31 - -101. What is the highest common factor of 33 and x?
33
Suppose -124 = -4*s + p, 0 = 2*s - 3*p - 13 - 59. Let z(l) = 48*l**2 - 3*l. Let b be z(1). Calculate the highest common divisor of s and b.
15
Let j(n) = n - 8. Let y be j(11). Let s be -1 - 3*-3 - y. Calculate the greatest common factor of s and 35.
5
Let p(s) = 2*s**3 - 3*s**2 - 3*s. Suppose -25 = -5*o - 10. Let u be p(o). Let z = -265 + 463. Calculate the highest common factor of u and z.
18
Let o(a) = -a**3 - 3*a**3 + 4*a - 3*a. Let v be o(-2). Calculate the greatest common divisor of 10 and v.
10
Let d(q) be the third derivative of q**5/30 - q**4/6 + q**3/2 + q**2. Let o be d(3). Calculate the highest common divisor of o and 45.
9
Let p be ((-6)/(-8))/(2/(-288)*-4). What is the greatest common factor of p and 45?
9
Suppose 37 = 3*q - 23. Suppose q = -i + 2*i. Suppose 2*p - i = -0*p. Calculate the highest common factor of 70 and p.
10
Suppose -d - 70 = -4*d + 2*n, d - 30 = 2*n. Calculate the greatest common divisor of d and 60.
20
Suppose 3*i - 164 = -2*b, 5*b - i - 4*i = 435. Let v be (2 - 0) + (-64)/(-2). Calculate the highest common divisor of v and b.
17
Let i = 32 + -5. Let o be 18/(-4)*2*-1. Calculate the greatest common divisor of o and i.
9
Let r be (-6*(-2)/(-2))/(-1). Let w be (-100)/(-15)*r/(-5). Let m be 2/w - 61/(-4). Calculate the highest common factor of 165 and m.
15
Let v be 1/((-591)/(-297) - 2). Let l be v/(-12) + 1/(-4). Suppose -h = -4*h + 36. Calculate the highest common factor of l and h.
4
Let a(z) = 2*z**3 - 7*z**2 + 4*z + 3. Let d be a(4). Let n be 4/6 - (-26)/6. What is the greatest common divisor of n and d?
5
Suppose -w = -v - 0*w + 23, v + 3*w = 19. Let r(a) = 19*a - 257. Let h be r(17). What is the greatest common factor of h and v?
22
Let i be (-3 + 30/9)/(1/51). What is the highest common divisor of i and 34?
17
Suppose 3138 + 302 = 5*c. Suppose -5*t + 632 = -c. Suppose -3*j = 2*j - 120. What is the greatest common factor of j and t?
24
Let p = 2 - 8. Let y be 16/p*(-9)/4. Calculate the greatest common factor of y and 48.
6
Let d(f) = 5*f - 7 - 6*f + 3*f + 2*f. Let k(m) = m**3 - 5*m**2 - 4*m - 6. Let t be k(6). Let p be d(t). Calculate the greatest common factor of p and 119.
17
Suppose -w + 0*w = 2*b - 51, -4*b + 132 = -4*w. Let s(i) = i**2 + 11*i + 7. Let a be s(-11). What is the greatest common factor of a and b?
7
Let g(m) = m**2 + 5*m - 10. Let x be g(-10). Calculate the greatest common divisor of 10 and x.
10
Suppose 2*i + m = 46, -3*i + 3*m - m + 76 = 0. Let c = -16 + 22. Calculate the highest common factor of c and i.
6
Let j(z) = -z**2 + 4*z. Let k be 4/(12/9) - 0. Let s be j(k). Let o = 1 + s. Calculate the greatest common factor of o and 36.
4
Suppose -12 = -4*w, 2*w + 100 = 4*p - 2*w. Calculate the highest common divisor of p and 112.
28
Let t = -33 + 105. What is the highest common factor of t and 9?
9
Let m be 69*(-3 + (-30)/(-9)). Suppose -5*q + 53 = -c + 4*c, q = c - m. Calculate the greatest common factor of 3 and c.
3
Let l be (2 - -2 - 2)*1. Let r = l + 10. Suppose -2*a + r = 2*a. What is the highest common factor of 9 and a?
3
Suppose k + 30 = 3*q + 4*k, 4*q - 3*k - 12 = 0. Let r(y) = -4*y - 6. Let m be r(6). Let s = 84 + m. Calculate the greatest common factor of q and s.
6
Let x be 2/5 + 1884/15. Calculate the highest common factor of x and 14.
14
Let m be (-4)/(-3*(-16)/(-36)). What is the highest common factor of m and 6?
3
Let i be (-6)/(-10)*(14 + -4). Suppose 3*z = z - i. Let b be z - (-4